Let j be q*26*3/3. Suppose 0 = 2*o + 3*i - j, -2*o = i + 3*i - 810. Is o composite?
False
Let v = -441 - -880. Let h = -627 + v. Let r = h + 505. Is r a composite number?
False
Let i = -2839 + 2011. Let p = 1742 + i. Is p prime?
False
Let m(q) = -164*q**2 - 8*q - 7. Let n(z) = -493*z**2 - 23*z - 20. Let v(k) = 17*m(k) - 6*n(k). Is v(2) composite?
True
Suppose 17059 = -16*z + 158131. Is z a prime number?
False
Suppose 0*g + 2*g + 5*d = -426, 5*g = -4*d - 1031. Let r = g - -406. Is r composite?
True
Let h(m) = m + 5. Let y be h(0). Suppose -2 = y*w - 3*w + l, -5*w - 20 = -5*l. Is w + 482 + -2 + 1 a composite number?
False
Let r(i) = -i**3 + 5*i - 13. Let n = -44 + 37. Is r(n) a composite number?
True
Let v = 900 - 281. Let d = -428 + v. Is d prime?
True
Is -1 - 2 - (-4051 + 1 + 8) a composite number?
True
Is 35794*((-36)/(-24))/3 composite?
True
Suppose 3*w - 8*w - 3*v + 13174 = 0, -w + 2*v = -2627. Is w a composite number?
False
Let s(o) = o**2 + 3*o - 4. Let g be s(-4). Let l = g - -4. Suppose -846 = -l*z + 2*h, -z + 5*h = -295 + 61. Is z composite?
True
Suppose 5*a = 2*o - 3*o + 13, -o - 3*a = -9. Suppose -w - 14 = -o*w. Let s = w + 15. Is s a composite number?
True
Suppose -1248 + 408 = -4*z. Let s be (2/(-5))/((-7)/z). Suppose 0 = -s*d + 9*d + 66. Is d a prime number?
False
Let n(r) = -10 - 8*r**3 + r**3 + 2*r**2 + r + 9. Let b be n(-2). Suppose 4*g = 143 + b. Is g prime?
False
Suppose -4*t - 3*r - 1 + 6 = 0, -2*t - r + 3 = 0. Suppose 3*z + 345 = w, -t*w + 3*z - 333 = -3*w. Is w prime?
False
Let p(g) = -g + 1 + 122*g**3 + 3*g**2 - 3*g**2. Let u be p(1). Let z = 271 - u. Is z prime?
True
Let c(p) be the second derivative of 3*p**4/4 - 13*p**3/6 + 11*p**2/2 + 3*p. Is c(6) a prime number?
True
Suppose 0*m = -3*m + 5*n + 73, -56 = -2*m - 4*n. Is (8/10)/(m/195) composite?
True
Let v(o) = -o**2 - 9*o - 3. Suppose -5 = 3*l + 19. Let k be v(l). Suppose 0 = -s - k*s + 78. Is s a composite number?
False
Let a(k) = -k**3 + 0*k**2 + 5*k**2 + 4*k**2 + 8 + 4*k - 6*k. Let s be a(10). Is (-5)/(-15) + s/(-6) a prime number?
True
Let g(v) = 4*v + 2*v - 2 + v**2 - 13 - 2*v. Let o be g(-11). Let y = o - 41. Is y a composite number?
True
Suppose -2*p = 5*r - 0*p - 16, 3*p - 11 = -r. Suppose -459 = -4*h - 5*n + 255, -4*n - 370 = -r*h. Let b = 323 - h. Is b prime?
False
Let d be (-6)/6*((-6)/(-3) + -6). Suppose r - 154 = -3*o, 5*o - 589 = -d*r + 6. Is r a composite number?
True
Suppose -2*z - q + 188 = 0, 0 = -3*z - 0*q - 2*q + 284. Suppose 2*v = 2*c + z, -6*c + 2*c = 2*v - 68. Is 5/(v/(-22) - -2) composite?
True
Let y(g) = 237*g**2 + 44. Is y(5) prime?
False
Suppose -5*w + 15 = -2*t - 0, 2*w = 2*t. Let v(n) = t + 1 - 4 + 79*n + 113*n. Is v(1) a composite number?
True
Let v = -94 - -97. Suppose 3*p + 0*p - m - 2554 = 0, p - 854 = v*m. Is p prime?
False
Let d(y) = -5*y**3 - y**2 - 7*y + 2. Let v be d(-6). Suppose 707 + v = 5*g. Is g a prime number?
True
Is ((-13)/26)/(2/(-165604)) composite?
True
Suppose 0 = -180*b + 178*b + 24722. Is b a composite number?
True
Let y(i) be the third derivative of 119*i**4/24 - 8*i**3/3 - 22*i**2 + 2. Is y(3) a composite number?
True
Suppose -17*q + 96 = -11*q. Suppose 5*k = -10*g + 6*g + 4184, 0 = 4*k - q. Is g a composite number?
True
Let v be (-141)/(-9) + 2/(-3). Let i = v + -10. Suppose -2*n + 412 = 4*r, i*r - 51 = n + 464. Is r composite?
False
Let k(m) = -m**2 - 4*m - 5. Let c be k(-6). Suppose -5*w - 54 = -r, r + 2*r = -3. Let o = w - c. Is o composite?
True
Suppose 6*u = k + 4*u - 1737, -2*k + 2*u + 3470 = 0. Is k a prime number?
True
Let k(f) = 2*f**3 - 12*f**2 - 6*f + 25. Suppose -7*p = 3*z - 3*p - 45, 5*z - 3*p - 46 = 0. Is k(z) a prime number?
False
Let l be (-1 + 5)*81/18. Let v = 18 - l. Suppose v = 4*z - b - 1178, b = -5*z + 4*b + 1469. Is z a prime number?
False
Let l be (311/(-3))/(1/(-24)*2). Suppose 0 = -5*i + 51 + l. Is i a composite number?
True
Let p be 28/8*(-1 + 7). Let g be 7/p + (-8)/(-3). Suppose 4*r + 5*q = 642, -g*r - q + 300 = -187. Is r composite?
False
Suppose 6*h - 5112 = -3*h. Suppose p - 1381 = h. Is p a composite number?
False
Let l = 41 - 11. Suppose 0 = -2*b + l + 22. Suppose 0 = -h + 79 - b. Is h a composite number?
False
Suppose -4*x = 4*p - 11688, 5*p - 4*x = 4*p + 2927. Is p prime?
False
Let l = -58 - -6. Suppose -315 = -6*w + 3*w + 2*d, -4*w = 3*d - 420. Let x = w + l. Is x composite?
False
Let f be (-2935)/(-2) + 6/(-4). Suppose 2*i - f = -5*w, 5*w = -18 - 2. Is i a prime number?
True
Suppose 4*l = 0, 3*x + 10*l - 5*l = 101181. Is x composite?
True
Let f(j) = 2*j + 4. Let b be f(0). Let o = b + 0. Suppose 1020 = o*r - 4*v, -2*r + v = -5*r + 773. Is r a composite number?
False
Let l(c) = -c**3 + c**2 + 2*c + 4. Let u be l(-6). Suppose 4*j - u = 244. Is j prime?
False
Suppose 5*r + 3*x - 33646 = 0, -2*r + r - 2*x = -6725. Is r a prime number?
False
Let v = -4996 - -7529. Is v a prime number?
False
Suppose -k = -2*v + 15 - 2, k + 3 = 0. Suppose -5*y + 3*l = -4747, v*y - 2*l + 6*l = 4719. Is y a composite number?
False
Let f(k) = -2*k**3 - 9*k**2 + 2*k - 8. Suppose -5*w + 2*d = -55, -3*w - 5*d = -5 + 3. Let s = w - 16. Is f(s) a composite number?
False
Suppose 5*w = 13*w - 7512. Let y = w - 437. Is y a prime number?
False
Suppose -3*r = -5252 + 1169. Is r composite?
False
Let a(r) = -r - 9. Let z be a(-6). Let c be -5 - 4/(-2) - z. Suppose -5*v + 805 = -c*v. Is v a prime number?
False
Suppose 139*u = 135*u + 120. Is 1*(-12)/u - 7807/(-5) a composite number?
True
Let o(s) = -66*s**2 + s + 0*s + 72*s**2. Let f be o(-3). Is 34/f*363/2 a prime number?
False
Let r(g) be the third derivative of 29*g**5/20 + 5*g**4/24 + 7*g**3/2 + 9*g**2. Is r(-7) composite?
True
Is 32335/25 + 2/(-5) prime?
False
Suppose -v = -2*p + 2*v, v + 4 = 2*p. Is (0 + -1)*(p - 1086/6) prime?
False
Let v(g) = 62*g**2 + 9*g - 114. Is v(-17) a composite number?
True
Suppose 0 = -4*u - 1526 - 2710. Let r = 1644 + u. Let w = r + -294. Is w composite?
True
Let g(u) = -5771*u - 711. Is g(-4) a composite number?
True
Let f be (564/6 - -6)*(-1 - -2). Suppose 99*i = f*i - 269. Is i prime?
True
Suppose 0 = -0*j - j + 11. Let g(q) = -14*q**2 + 38*q**2 - 13 - 23*q**2 - q. Is g(j) a composite number?
False
Let f be ((-186)/(-4))/((-3)/548). Let o be f/14 - 4/14. Let n = -138 - o. Is n a composite number?
True
Let i be ((-9)/2 - -4) + 9126/4. Let c = i + -1307. Is c composite?
True
Let h(c) = c**3 + 11*c**2 - 2*c - 12. Suppose 0 = -3*j + 4*j - 5. Let b be (-104)/10 + (-3)/j. Is h(b) a prime number?
False
Let r = 643 - 352. Let z = r - 164. Is z prime?
True
Suppose 2*q = -2*l - 12, 2*q + 2 = -4*l - 14. Is ((-6)/12)/(l/892) a prime number?
True
Let g(c) = 16*c**3 + 5*c**2 - c + 4. Let a be g(-4). Let j = a + 1345. Is j composite?
False
Suppose 5*i - 15744 = -6*q + 94027, 5*q + 43938 = 2*i. Is i prime?
False
Let h be 12890/14 - (-2)/7. Suppose 0 = -2*i + h + 1361. Is i composite?
True
Let o be 5/(15/(-12)) + 2225 + -8. Suppose -o = -q - 866. Is q composite?
True
Let g = 45034 - -1335. Is g a composite number?
True
Let p(h) be the first derivative of -5 - 13/2*h**2 + 7*h. Is p(-6) composite?
True
Suppose 3*u = 4*y + 594, 4*u = -0*u + 4*y + 792. Suppose 0 = 15*s - 11247 - u. Is s a prime number?
False
Let v = 2614 - -3985. Is v a composite number?
False
Let x(s) = 1365*s + 106. Is x(19) prime?
True
Let c(p) = -729*p + 67. Is c(-6) a composite number?
False
Let y(j) = 716*j**2 - 27*j - 7. Is y(4) a prime number?
False
Suppose 784*f + 105008 = 792*f. Is f a composite number?
True
Let o be (-1 - (-1 + 0))/2. Suppose o = -6*i - 298 + 1444. Is i a prime number?
True
Let u = -19693 + 42452. Is u prime?
False
Suppose -14*o = -1962 - 10736. Is o a prime number?
True
Let k = -9 + 0. Let i be (-9)/k*3*1. Suppose -j + 4*j = -2*n + 3447, n + 3456 = i*j. Is j composite?
False
Is (865925/285)/((-5)/(-9)) a composite number?
True
Let n = 1038 + -481. Suppose 0*q - 3*q - i + n = 0, -3*q + 545 = -5*i. Is q a prime number?
False
Suppose 9 = j - 6. Is 25/j*(48 + 3) composite?
True
Let o(r) = 3*r**2 + 25*r + 3. Let q be o(-8). Is (-6292)/(-10) + 96/20 + q composite?
True
Let p = 3 - 3. Suppose -3*d + 2*t + 2869 = -0*d, p = 4*d + 2*t - 3844. Suppose -d + 195 = -4*k. Is k a prime number?
True
Let b(m) = 18*m + 8 + 2879*m**2 + 3*m**3 - 2869*m**2 - 4*m**3. Is b(-